rs of b(a)?
2, 3
Let h = 236 + -152. List the prime factors of h.
2, 3, 7
Let x(y) = -4 - y**3 + y + 3*y + 4*y**2 - 10*y**2. List the prime factors of x(-7).
17
Suppose -z - 30 = -5*d, -50 = -0*d - 5*d + 5*z. Let v = d - 1. Suppose -v*m = -3*g - 2*m + 49, -4*g = 3*m - 54. List the prime factors of g.
3, 5
Let j = -43 + 6. Let h = -24 - j. Suppose 55 = 3*o + h. List the prime factors of o.
2, 7
Suppose -4*a = 50 - 294. Suppose a = m + 10. What are the prime factors of m?
3, 17
Suppose -x + 3 = -1. List the prime factors of x/8*58 + -1.
2, 7
What are the prime factors of 260 + -5*(-4)/(-5)*-1?
2, 3, 11
Let a(v) = 11*v**2 - 21. What are the prime factors of a(4)?
5, 31
Suppose 9*b = 11*b - 298. List the prime factors of b.
149
Suppose 3*d - 2*r = -2*d + 48, 2*d + 3*r = 4. Let i = d - 5. List the prime factors of (i/6)/(3/42).
7
Let r(k) = k. Let l be r(2). Suppose -2*w - 9 = -3*w + q, -4*q = l*w. What are the prime factors of w?
2, 3
Suppose 5*n = 4*a + 931 + 105, 0 = -n + 4*a + 220. What are the prime factors of n?
2, 3, 17
Suppose -4*t = 3*o - 7*o - 16, 4*o - 12 = -3*t. Suppose -2*s - s = o. Suppose 0 = -2*m - s*m + 26. What are the prime factors of m?
13
Let y(g) = -g**3 + 22*g**2 + g - 7. What are the prime factors of y(22)?
3, 5
Suppose 24 = 2*a + 4*a. Let y = -10 + 16. Let z = y + a. What are the prime factors of z?
2, 5
Suppose 9 = -3*l + q, -l = 2*l - 3*q + 3. List the prime factors of (-1 - l)/((-2)/(-20)).
2, 3, 5
Let h(z) = z**3 + 2*z**2 - 4*z - 1. Let c be h(-3). Suppose 5*m + 4*x = -c, x - 2 = -5. List the prime factors of (m/2)/(1/10).
2, 5
Let i be ((-1)/(-2))/(4/16). Let m(o) = o**3 - 2*o**2 - o + 2. Let s be m(i). Let j(p) = -p**3 - p + 5. List the prime factors of j(s).
5
Let o(z) = z**3 - 10*z**2 + 13*z - 6. Let j be o(9). Suppose -j = -0*p - 3*p + 2*f, p - 4*f - 20 = 0. List the prime factors of p.
2
Let b(o) = -o**3 - 4*o**2 + 9*o + 4. Let k be b(-6). List the prime factors of 10/(-55) + 488/k.
2, 11
Let b = 37 - 23. Suppose -6*d + 2*a = -4*d - b, -4*d + 5*a = -33. Suppose 0*g + d*g = 28. What are the prime factors of g?
2, 7
Let d(s) = s + 9. Let n be d(-4). Let j(a) = a**3 - 5*a**2 + 7. List the prime factors of j(n).
7
List the prime factors of 175 - (-5)/(10/(-12)).
13
Let c = 38 + -22. Let p = -4 + c. What are the prime factors of p?
2, 3
Let y(r) = -r + 5. Let m(b) = -b**3 - 4*b**2 + b - 1. Let k be m(-4). List the prime factors of y(k).
2, 5
Let s(k) = k**2 + 9*k + 4. What are the prime factors of s(-9)?
2
List the prime factors of (3/(-2))/(3/(-198)).
3, 11
Let h(s) = -s**3 + 9*s**2 - s - 3. Let m be h(9). Let i = 26 + m. What are the prime factors of i?
2, 7
Let n be (-11)/2 + (-1)/2. Let y = 5 - n. Suppose 5*u - 4*u - 2*r = 1, -y = -3*u + 2*r. What are the prime factors of u?
5
Suppose y - 3 - 2 = 0. Let s(w) = 15*w + y - 9*w - 5. List the prime factors of s(2).
2, 3
Suppose 22 + 63 = 5*b. List the prime factors of b.
17
Let f(g) = g**3 + 7*g**2 + 5*g - 8. Let q be f(-6). Let t = q + 3. What are the prime factors of (-2 - 1)*(-3)/t?
3
Let x = -3 + -3. Let t be (-104)/6 - (-4)/x. List the prime factors of (1*9)/((-9)/t).
2, 3
Suppose -25*y + 25 = -24*y. List the prime factors of y.
5
Suppose 34*w = 31*w + 129. List the prime factors of w.
43
Let t(h) = h**2 + 5*h - 4. Let q(v) = -3*v**2 - 16*v + 12. Let j(b) = 4*q(b) + 11*t(b). List the prime factors of j(-8).
2, 3
Let i(v) = -v**3 - 5*v**2 - 6*v - 3. Let t be i(-4). Let n(a) be the first derivative of -a**2/2 + 12*a - 2. List the prime factors of n(t).
7
List the prime factors of (12 - (-6 + 12))/(2/61).
3, 61
Let g(z) = 4*z**3 + z**2 - 11*z + 7. What are the prime factors of g(4)?
5, 47
Suppose 0 = b - 2*b + 124. What are the prime factors of b?
2, 31
Let g(p) = 5*p - 5. Let s be g(2). Suppose 53 = 2*r + 5*d, -2*r - 3*d + 74 = -s*d. What are the prime factors of r?
2, 17
Suppose -161 = -5*j - 2*j. What are the prime factors of j?
23
Let p = -3 - -11. List the prime factors of 4/(p/66) - 0.
3, 11
What are the prime factors of (-3)/((-639)/210 + 3)?
2, 5, 7
Suppose 2*j = 2*o + 3*j - 4, -3*o + 3*j = 3. Suppose 5*s + o = 121. What are the prime factors of s?
2, 3
Let c(i) = 2*i**2 + 8*i - 10. List the prime factors of c(-8).
2, 3
Suppose r = 3*r + 2*z + 4, 15 = -3*z. Suppose r*b - 3*t - 24 = 0, 3*b - t = -11 + 31. Suppose -2*u = -b*u + 28. What are the prime factors of u?
7
Let s(y) = y**2 - 1. Suppose 3*t + 34 - 12 = 5*w, -5*t - 20 = 0. Let r(l) = 3*l + 3. Let k(b) = w*r(b) + 2*s(b). List the prime factors of k(-4).
2, 3
Let k(j) = 3*j**3 + 3*j**2 - 5*j + 5. What are the prime factors of k(2)?
31
Let w = -38 + 64. List the prime factors of w.
2, 13
Let w(u) = -44*u + 13. What are the prime factors of w(-2)?
101
Suppose -5*z = 3*a + 85, -1 = -3*z + 5*a - 18. Let i = 34 + z. List the prime factors of i.
2, 5
Let c(v) = -v**3 + 21*v**2 + 13*v + 8. What are the prime factors of c(21)?
281
Let m = 23 - -9. List the prime factors of m.
2
Suppose 3*g + m - 2*m = 8, 5*g - 28 = -2*m. Suppose 0*t - 2*t = -8, -h - g*t + 20 = 0. List the prime factors of h.
2
Let m(a) = 37*a**3 + a. What are the prime factors of m(1)?
2, 19
Let n(v) be the third derivative of v**4/8 + 7*v**3/3 + 3*v**2. Let f be n(-10). Let u = -10 - f. List the prime factors of u.
2, 3
Suppose 2*p - 22 - 14 = 0. Suppose 5*q + 2*i + 3*i = 20, 3*q - 14 = -5*i. Suppose q*k - p = k. What are the prime factors of k?
3
Let p(b) = -b**3 - 6*b**2. Let x be p(-6). Suppose -2 - 2 = -2*d. Suppose 2*v + d*j = -x*v + 20, -4*v = -2*j - 64. List the prime factors of v.
2, 7
Let v(i) = i**3 + 6. Let p = -1 + 1. List the prime factors of v(p).
2, 3
Let c(f) = f - 4. Let u = 7 - 3. Let a be c(u). What are the prime factors of -3*(a + -1 - 0)?
3
Let d(k) = 3*k**3 + 3*k**2 - 11*k + 2. What are the prime factors of d(3)?
7, 11
Suppose 10*f - 280 - 340 = 0. What are the prime factors of f?
2, 31
Let i = -94 - -142. What are the prime factors of i?
2, 3
Let b = -10 - -4. Let y = b + 2. What are the prime factors of -32*(-1)/y*-2?
2
Let g(x) = -3*x**3 + x**2 + 4*x + 8. Let r(a) = -7 + 5*a**3 + 4*a**3 - 5*a - 5*a**3 - a**2. Let u(l) = 5*g(l) + 4*r(l). What are the prime factors of u(0)?
2, 3
Let z = -3 + 2. Let v(b) = -b**3 + b**2 + b - 7. Let c(k) = -k**2. Let n(j) = z*v(j) + 4*c(j). What are the prime factors of n(5)?
2
Suppose 0 = -h - 3*h + 116. List the prime factors of h.
29
Let o = 231 - 60. Suppose 5*a + 2*t + 2*t - 173 = 0, 3*t - o = -5*a. List the prime factors of a.
3, 11
Let j(h) = h + 2. Let m be j(-1). Let s(v) = 11*v + 1. Let r be s(m). Suppose z + 0*z = r. What are the prime factors of z?
2, 3
Let i(j) = 2*j + 2. Let v be i(-2). Let h(l) = l**3 + 3*l**2 - 4*l - 3. List the prime factors of h(v).
3
Let x(u) = u**2 - 5*u - 5. Let c be x(7). Suppose -4*n + 20 = -c*n. What are the prime factors of (-138)/(-24) + 3/n?
5
Let m = 40 - -9. List the prime factors of m.
7
Let z be 21*2*15/(-18). Let w = -24 - z. What are the prime factors of w?
11
Suppose 398 = 8*o + 38. What are the prime factors of o?
3, 5
Suppose -3*f = -19 - 2. Let k = -4 + f. Suppose 0 = 2*a + 4*s - 5*s - 21, -k*s + 45 = 3*a. List the prime factors of a.
2, 3
Suppose -7*i + 273 = -4*i. List the prime factors of i.
7, 13
Let p = 8 + 13. Let j = p + 25. Suppose -7*v + 3*v + j = 3*g, 5*v - 40 = -2*g. List the prime factors of g.
2, 5
Suppose 3*u - 44 = 13. Let x = u + -4. What are the prime factors of x?
3, 5
Let x = -3 + 2. Let c(i) = -i**3 - 4*i**2 + i + 1. Let t be c(-4). Let u = x - t. List the prime factors of u.
2
Let g(o) = -o + 7. Let n be g(5). Suppose n*h + 3*h = 5*m - 5, -2*h = -5*m + 5. Suppose 3*p + 19 = 4*r - 0*p, -4*r + p + 25 = h. List the prime factors of r.
7
List the prime factors of 532/4 - (-9)/(-1 - 2).
2, 5, 13
Let d = -22 - -43. What are the prime factors of d?
3, 7
Let z(t) = -t + 8*t**2 - 4 + 2*t - t. Let c be z(-3). Suppose 5*k + 3*i = i + c, -5*k + 48 = -3*i. List the prime factors of k.
2, 3
Let j be ((-21)/15 - -2)*35. Suppose -i - j = -3*k, 5*k + 3*i = -i + 35. List the prime factors of k.
7
Let a = -57 + 25. Let u(q) = -3*q**2 + 3*q - 4. Let g be u(3). Let o = g - a. List the prime factors of o.
2, 5
Let r = 28 - 9. What are the prime factors of r?
19
Let t(l) = -5*l - 5. Suppose 0 = 3*p - 4*d + 32, -3*p - 2*d - 27 = -5*d. Li